15*p = -4*p + v. Let s(i) = 2*i**2 - 1 - i**2 - i**3 - 3*i**2 + i. Give s(p).
5
Let p(i) be the first derivative of i**3/3 - 2*i**2 - 8*i + 50. Give p(6).
4
Let c(i) = -2 - i - 82*i**2 + 0*i + i**3 + 2 + 84*i**2. Suppose -u = 4*u - y + 7, 3*u = -2*y - 12. What is c(u)?
2
Let a(g) be the first derivative of -g**4/4 + 11*g**3/3 + 11*g**2/2 + 16*g - 42. Give a(12).
4
Let q(m) = -2*m - 33. Let h(a) = a + 9. Let w(d) = -3*h(d) - q(d). Suppose 4*s - 2*s = 0. What is w(s)?
6
Suppose -5*w - 7*m + 24 = -11*m, -2*w = -3*m - 4. Let x(z) = -z**2 + 9*z - 12. What is x(w)?
-4
Let j(y) = -y**2 + 8*y + 1. Suppose 3*p - 6 = 0, 0 = -w + 3*p - 2 + 3. Calculate j(w).
8
Let a(y) be the first derivative of y**3/3 - 3*y**2 + 22*y - 556. Give a(5).
17
Suppose -5*l + 0*l + 10 = 0. Let n(m) = 5*m**2 - 7*m + 1. Let i(h) = -6*h**2 + 9*h - 1. Let k(y) = 3*i(y) + 4*n(y). What is k(l)?
7
Let j(c) = 31*c - 50*c - 2*c**2 + 1 + 23*c - 2. Calculate j(-3).
-31
Let v = 3 - 5. Let s(f) = -4*f**2 + 13*f**2 + 6*f**2 - 4*f - 25*f**2 - 2 + 7*f**2. What is s(v)?
-6
Let w(k) = -375*k + 4118. Let p be w(11). Let l(c) be the third derivative of c**4/24 - c**3/3 - c**2. Determine l(p).
-9
Let v(z) be the first derivative of z**4/4 - 8*z**3/3 + 5*z**2 + 9*z + 504. Determine v(6).
-3
Let o = 501 + -503. Let f(i) = -2*i**3 - 4*i - 3. Determine f(o).
21
Let u(j) = j**3 - 2*j**2 + j + 1. Let x = -30 - -123. Let c = 66 - x. Let o = c - -30. Give u(o).
13
Let h(m) = -3*m + 1 + 6*m - 4*m. Suppose -4*u + 0 = 24. Let p(v) = 3*v + 22. Let r be p(u). Calculate h(r).
-3
Let o(v) be the first derivative of v**3/2 + 2*v**2 + 18*v + 5. Let c(a) be the first derivative of o(a). Let h be 2/(-6) + (-11)/3. What is c(h)?
-8
Suppose 22 = -3*q + 7*q + 3*c, -2*c = -q + 11. Let y = q - 6. Let a(s) = 9*s - 1. Give a(y).
8
Let o be (-126)/(-33) + (-2)/(-11). Let g(m) = 9*m**2 - 18*m**2 + 8*m**2 - 3 + o*m + 0. What is g(4)?
-3
Let a(b) = -2*b - 16. Let q be a(-11). Let z(x) be the second derivative of -x**5/20 + x**4/2 + x**3/6 + 721*x. Give z(q).
6
Let s(r) be the third derivative of r**6/120 - r**5/10 - r**4/12 + r**3 - 2*r**2 + 167*r. Calculate s(5).
-29
Let b(a) = 2*a**3 - 2*a**2 + 3*a - 3. Suppose -33 = -h - 3*p - 19, 0 = 5*p - 20. Calculate b(h).
11
Let h(x) be the third derivative of -x**6/40 - x**5/30 + x**4/24 - 2*x**2. Suppose 2*u - 5*l + 13 = 0, 2*u + 0*l = -4*l + 14. Give h(u).
-4
Let b(i) = -14*i**2 - 195*i - 23. Let o(m) = 5*m**2 + 69*m + 8. Let x(r) = 6*b(r) + 17*o(r). What is x(-7)?
26
Let n(t) be the second derivative of t**5/20 - t**4/3 + t**3/6 + t**2 + 5*t. Let y be -4 + (0 - -3) + 4. Give n(y).
-4
Let k(g) = -g**2 - 12*g - 2. Let f(n) = n**2 + 14*n + 2. Let u(v) = 4*f(v) + 5*k(v). Calculate u(-3).
1
Let t(l) = 6*l + 2. Let i be (-28)/(-49) - (-18)/42. Give t(i).
8
Let w(k) = k**2 - 4*k - 4. Let c = 15 - 0. Let f be (12/c)/(1/(-5)). Let n(h) = -2*h - 3. Let m be n(f). Give w(m).
1
Let k(d) = d**2 + 3*d + 5. Let s(n) = -2*n**2 - 5*n - 11. Let i(h) = -13*k(h) - 6*s(h). What is i(-6)?
19
Let g(d) = d**3 + d**2 - d + 9. Let b(i) = 2*i**2 + 23*i - 12. Let r be b(-12). Suppose -3*u = -s - s, r = 5*u - s. Give g(u).
9
Let y(d) = -d**2 + d + 29. Let s be y(5). Let b(i) = 11 - i + 3*i**2 - s - 2*i**2. What is b(4)?
14
Let a(x) = -x**3 + 6*x**2 - x + 1. Let v = -144 + 150. Calculate a(v).
-5
Let x(d) be the third derivative of -d**4/6 - 72*d**2. What is x(-3)?
12
Let g = 1510 - 1514. Let u(v) = 5*v + 13. What is u(g)?
-7
Let r(i) = 11*i**3 - 21*i**2 + 20*i - 22. Let p(x) = -5*x**3 + 10*x**2 - 10*x + 12. Let u(a) = -9*p(a) - 4*r(a). Give u(5).
5
Let n = -13 + 16. Let j = 10 - n. Let k(r) = r**2 - 9*r + 7. Calculate k(j).
-7
Let r(p) be the first derivative of -13 + 2*p - 1/2*p**2. What is r(0)?
2
Let a(m) be the first derivative of -3*m**2 - 3*m - 118. Calculate a(-2).
9
Let f(c) = c**2 - 2*c. Let b(w) = w**3 + 3*w**2 - 8*w - 1. Let v(l) = 2*b(l) - 9*f(l). Determine v(2).
6
Let i(p) = p**3 - 4*p**2 - 6*p + 3. Suppose -5*q = -18*q + 130. Let g be (-1 - -26)*q/50. Determine i(g).
-2
Suppose 6*o + 58 = -74. Let r = -27 - o. Let k(i) = -i**2 - 4*i + 4. Calculate k(r).
-1
Let q(v) = 2113 - 8*v - 2074 - v**2 + 23*v. What is q(17)?
5
Let d(l) be the third derivative of l**5/60 + 5*l**4/24 - 7*l**3/6 - 9*l**2 + 7. Let h be (-4)/(-22) + (-136)/22. What is d(h)?
-1
Let p(t) = -t**2 + 7*t - 5. Let x = -20 + 34. Let n = 18 - x. What is p(n)?
7
Let h(i) = 28*i**3 - 43*i**2 + 30*i - 37. Let v(q) = 13*q**3 - 21*q**2 + 15*q - 18. Let c(x) = -6*h(x) + 13*v(x). What is c(14)?
2
Let q(w) = -6*w**2 + 17*w - 4. Let b(t) = 19*t**2 - 56*t + 13. Let f(v) = 3*b(v) + 10*q(v). What is f(2)?
-9
Let z(v) = -271*v**3 + 3*v**2 + 2*v**2 + v + v**2 + 6 + 7*v + 270*v**3. Determine z(7).
13
Let d(n) = n**2 - 5*n - 1. Let m(t) = -t**3 + 4*t**2 + 14*t - 41. Let z be m(5). Calculate d(z).
-5
Let r(m) = -m**2 + 2*m + 4. Let a(b) = -5*b - 1. Let v be a(6). Let u = -28 - v. What is r(u)?
1
Suppose 29*u = 11*u + 54. Let n(z) = 4*z + 2. Let v(p) = -1. Let t(s) = n(s) - 3*v(s). Let k(l) = l + 1. Let m(o) = 6*k(o) - t(o). Give m(u).
7
Let d = 55 - 52. Let c(y) = 54 - d*y - 30 - 27. Calculate c(-3).
6
Let v(x) = -2*x**2 + 9*x + 31. Let a be v(7). Let c(u) = u**2 + 4*u + 3. Determine c(a).
3
Let n(a) = -7*a**2 - 11*a - 25. Let l(v) = 3*v**2 + 6*v + 12. Let r(w) = 5*l(w) + 2*n(w). Let k(m) = m**3 - 5*m**2 - 3*m + 7. Let p be k(5). What is r(p)?
10
Let a be ((-4)/3)/(2/(-6)). Suppose -4 = -2*i - 2*n - 6, -a*i + 3*n - 39 = 0. Let x(o) = -3*o - 7. Give x(i).
11
Let g(u) = u**3 - 10*u**2 + 15*u + 12. Let w(j) = -3*j**2 + 22*j - 16. Let l be w(6). Give g(l).
4
Let z(d) be the second derivative of d**5/10 + d**4/4 + 2*d. Let o be 6*((-4)/3 + 2). Let l be 2*(o/2)/(-2). Give z(l).
-4
Let q(n) = -n**2 - 2*n + 7. Let s(c) = 12*c - 1. Let m(w) = -w. Let r(x) = -2*m(x) + s(x). Let j be r(1). Suppose 4*i = f + j, 2*i = f - 5*f - 16. Give q(f).
-8
Let i(g) = g**3 + g**2 + 2. Let n be i(0). Let m be ((-2)/(-4) - 2/4) + -3. Let s be n*m + 6 + -3. Let r(j) = -j**3 - 2*j**2 + 2*j - 2. Determine r(s).
1
Let x(j) = -3*j**3 - j**2 + 2*j - 1. Let t(q) = q**2 - 4*q + 6. Let f be t(6). Suppose -21*d - 9 = -f*d. Let w be -1 - d - (-2)/(-2). Calculate x(w).
-3
Suppose -6*w = -2*w - 8. Let v(c) = -c + 6. Calculate v(w).
4
Suppose -2*o - 10 = 4*x, -2*o - 4 - 10 = 5*x. Let h(g) = -o - 3*g + 2*g**2 - 2*g + 2*g. Suppose 2*d = y + 3, -3*y + 3 + 12 = 0. Calculate h(d).
17
Let j(i) = -i**2 - 8*i - 6. Let s be (10/4)/(4/8). Suppose -s*o = -6*o - 16. Let m = o - -10. Determine j(m).
6
Let m(y) be the second derivative of 0 + 1/720*y**6 + 0*y**2 - 4*y + 0*y**3 - 1/120*y**5 - 7/12*y**4. Let g(h) be the third derivative of m(h). Give g(-5).
-6
Suppose 0 = 4*z + 2*c - 24, z + 2*z = 4*c + 7. Suppose -k = 2*k - 3*d, -z*k - 2*d = -7. Let y(r) = -r - r**2 + 6*r - r - k - 2. Give y(5).
-8
Let p(c) = -c + 1. Let s(h) = -h + 2. Let z(t) = t**2 - 7*t - 16. Let j be z(9). Let x(l) = j*s(l) - 3*p(l). Give x(0).
1
Let y(h) = h**2 + 8*h + 7. Suppose z + 0*z - 19 = 5*k, z = -k + 1. Let r = 50 - 42. Let b be -1*r - (-6 + z). Give y(b).
-5
Let h(b) = b**3 - 4*b**2 - 2*b + 4. Let m(w) = 2*w**3 - 17*w**2 + 16*w + 38. Let p be m(7). What is h(p)?
-11
Let c(y) = -y**2 - 5 - y**3 + 0 + 7 - 3*y**2. Let a be c(-3). Let f(n) = n + 6. What is f(a)?
-1
Let x(o) = o**3 - 3*o**2 - 9*o + 1. Let m = 4 + 1. Let y be x(m). Let c(t) = -4*t**2 - 11*t - 6. Let g(l) = -l**2 - l. Let d(v) = -c(v) + 5*g(v). Give d(y).
6
Let r(u) = 19*u - 184. Let l be r(10). Let j(x) = x - 10. Calculate j(l).
-4
Let q(i) = -5*i**2 - 15*i - 20. Let n(m) = -8*m**2 - 16*m - 21. Let p(b) = 2*n(b) - 3*q(b). Give p(14).
4
Let i = 14 + -11. Let r(o) be the third derivative of -o**5/60 + o**4/3 - o**3/3 - 17*o**2. What is r(i)?
13
Let z(g) = g + 5. Let m be z(-6). Let c(r) be the third derivative of r**6/15 - r**5/30 + r**3/6 - 3*r**2 + 117. Determine c(m).
-9
Let k(i) = i - 17. Let p be k(13). Let n(g) = -6*g + 5 + 5 - 3 + 3*g. Let v(f) = -3*f + 8. Let j(c) = p*v(c) + 5*n(c). Give j(4).
-9
Let r = -394 - -388. Let j(b) = -b**3 - 7*b**2 - 9*b - 6. Calculate j(r).
12
Suppose j + 10 = -4*p, 6*j - p = 2*j + 28. Let v(q) = -7*q**2 + j*q**2 - 3*q - 5*q + 7. Determine v(-8).
7
Let x(g) be the second derivative of -11*g**3/6 - 7*g**2/2 - 2*g. Let q(a) = 5*